{"id":23308,"date":"2023-02-27T08:45:16","date_gmt":"2023-02-27T08:45:16","guid":{"rendered":"https:\/\/henrykskarzynski.pl\/?page_id=23308"},"modified":"2023-02-27T08:45:16","modified_gmt":"2023-02-27T08:45:16","slug":"lactivite-artistique","status":"publish","type":"page","link":"https:\/\/henrykskarzynski.pl\/?page_id=23308&lang=pl","title":{"rendered":"L\u2019activit\u00e9 artistique"},"content":{"rendered":"<h2>La musique, la po\u00e9sie et l\u2019art occupent une place importante dans la vie du prof. Henryk Skar\u017cy\u0144ski. Il est l\u2019auteur de nombreux sc\u00e9narios de documentaires et de films didactiques, des po\u00e8mes occasionnels, des paroles de chansons, des pi\u00e8ces de th\u00e9\u00e2tre occasionnelles, etc. C&#8217;est un homme aux multiples passions. Il a commenc\u00e9 d&#8217;\u00e9crire ses premiers po\u00e8mes quand il \u00e9tait au lyc\u00e9e. L\u2019un des plus connus, \u00ab Le monde que j\u2019entends \u00bb, est devenu l\u2019hymne artistique de l\u2019Institut de physiologie et de pathologie de l\u2019audition et il est interpr\u00e9t\u00e9 lors de nombreuses c\u00e9l\u00e9brations d&#8217;anniversaires avec la participation de repr\u00e9sentants du gouvernement, de minist\u00e8res, de bureaux gouvernementaux, du milieu scientifique, de repr\u00e9sentants d&#8217;universit\u00e9s, d&#8217;organisations de patients, d&#8217;ONG, d&#8217;\u00e9glises et de m\u00e9dias et d&#8217;experts de divers domaines de la m\u00e9decine.<\/h2>\n<p>Depuis 2014 le Professeur est initiateur et organisateur du festival international des enfants, de Musique des enfants, adolescents et adultes ayant des troubles auditifs \u00ab\u00a0Les Rythmes Cochl\u00e9aires\u00a0\u00bb qui, chaque ann\u00e9e, rassemble des centaines d&#8217;utilisateurs d&#8217;implants auditifs talentueux du monde entier. Le festival pr\u00e9sente les capacit\u00e9s de personnes qui, ayant eu un implant auditif, non seulement communiquent sans probl\u00e8me avec les autres, mais ont aussi une oreille pour la musique et une passion qui remplit leur vie. Ils d\u00e9veloppent ainsi leurs comp\u00e9tences artistiques : ils chantent, ils composent et ils jouent de diff\u00e9rents instruments et ils enregistrent des albums professionnels. Avec leur exemple ils t\u00e9moignent que, gr\u00e2ce aux incroyables progr\u00e8s technologiques de la science et de la m\u00e9decine, m\u00eame les troubles auditifs les plus profonds ne doivent pas \u00eatre un obstacle \u00e0 une carri\u00e8re musicale. En organisant le Festival le prof. Henryk Skar\u017cy\u0144ski a voulu les aider \u00e0 r\u00e9aliser leurs r\u00eaves et projets musicaux et de documenter ses r\u00e9alisations professionnelles pour ceux d&#8217;entre nous qui jouissent d\u2019une bonne audition. Le festival, organis\u00e9 avec succ\u00e8s depuis six ans, est un \u00e9v\u00e9nement musical et scientifique de renomm\u00e9e internationale. En 2018 et 2019 le prof. H. Skar\u017cy\u0144ski a pris part, avec les laur\u00e9ats \u00e0 des sessions extraordinaires du Parlement europ\u00e9en \u00e0 Bruxelles.<\/p>\n<p>Le professeur Henryk Skar\u017cy\u0144ski est \u00e9galement auteur du libretto du premier au monde music-hall avec la participation de patients et d&#8217;utilisateurs d\u2019implants auditifs intitul\u00e9 : \u00ab\u00a0Le silence rompu\u00a0\u00bb, dont la premi\u00e8re a eu lieu le 14 septembre 2019 sur la sc\u00e8ne de l&#8217;op\u00e9ra de Chambre de Varsovie. Le music-hall raconte les histoires authentiques et les probl\u00e8mes de patients qui sont n\u00e9s sourds, avec des pertes auditives profondes ou qui ont perdu leur audition plus tard dans leur vie ou avaient d&#8217;autres probl\u00e8mes auditifs. Gr\u00e2ce \u00e0 l&#8217;utilisation de technologies et de m\u00e9thodes chirurgicales les plus r\u00e9cents \u00e9labor\u00e9e et introduites au Centre mondial de l\u2019audition par le prof. Henryk Skar\u017cy\u0144ski, ils sont sorti du monde du silence. Ces personnages sont interpr\u00e9t\u00e9s, entre autres, par d&#8217;authentiques patients \u00e0 qui le prof. Skar\u017cy\u0144ski a consacr\u00e9 plusieurs de ses po\u00e8mes en racontant leur difficiles et complexes histoires de vie. Le compositeur et le directeur musical du \u00ab\u00a0Silence rompu\u00a0\u00bb est le compositeur et arrangeur prof. Krzesimir D\u0119bski. Le r\u00e9alisateur du music-hall li\u00e9 \u00e0 l&#8217;Op\u00e9ra de chambre de Varsovie est le r\u00e9alisateur de renomm\u00e9e internationale Micha\u0142 Znaniecki. Luigi Scoglio a \u00e9t\u00e9 charg\u00e9 de la mise en sc\u00e8ne. Compos\u00e9e de trois actes, l&#8217;intrigue de la com\u00e9die musicale montre le parcours de vie &#8211; le d\u00e9veloppement de l&#8217;audition et de la parole, la communication interpersonnelle et le parcours artistique de nombreux patients du professeur. Le music-hall a \u00e9t\u00e9 r\u00e9compens\u00e9 du prix \u00ab\u00a0Prix varsovien de l&#8217;\u00e9ducation culturelle 2020\u00a0\u00bb.<\/p>\n<p>Le professeur est \u00e9galement l&#8217;auteur d&#8217;un roman et du sc\u00e9nario d&#8217;un long m\u00e9trage intitul\u00e9 \u00ab\u00a0Le retour de Beethoven\u00a0\u00bb, qui est actuellement en cours de production. Le film documentera les plus grandes r\u00e9alisations contemporaines et pionni\u00e8res de la science et de la m\u00e9decine polonaises en mati\u00e8re de diagnostic, de traitement et de r\u00e9habilitation de diverses d\u00e9ficiences sensorielles, notamment la surdit\u00e9 totale et partielle. L&#8217;action d\u00e9roule dans plusieurs pays sur trois continents, ainsi qu&#8217;au niveau national, au Centre mondial de l\u2019audition, o\u00f9, depuis 18 ans, le plus grand nombre d&#8217;op\u00e9rations au monde pour am\u00e9liorer l&#8217;audition des enfants, des adolescents et des adultes sont r\u00e9alis\u00e9es. Le sc\u00e9nario int\u00e8gre l&#8217;application d&#8217;un grand nombre des nouveaut\u00e9s technologiques, organisationnelles et chirurgicales \u00e0 l&#8217;\u00e9chelle mondiale, qui ont \u00e9t\u00e9 d\u00e9velopp\u00e9es et mises en \u0153uvre dans la pratique clinique quotidienne. Un autre hobby exceptionnel du prof. Henryk Skar\u017cy\u0144ski est de \u00ab\u00a0collectionner les escargots\u00a0\u00bb. Cette derni\u00e8re passion a \u00e9t\u00e9 le pr\u00e9texte \u00e0 la cr\u00e9ation du &#8222;Mus\u00e9e de l&#8217;escargot&#8221; et \u00e0 l&#8217;obtention du record mondial Guinness. En juillet 2012, avec un score de 1 377 pi\u00e8ces, le record a \u00e9t\u00e9 battu dans la cat\u00e9gorie \u00ab\u00a0La plus grande collection d&#8217;objets \u00e0 l&#8217;effigie ou en forme d&#8217;un escargot\u00a0\u00bb. Aujourd&#8217;hui, la collection compte d\u00e9j\u00e0 plus de 5 000 pi\u00e8ces.<\/p>\n<p>&nbsp;<\/p>\n<p>&nbsp;<\/p>\n","protected":false},"excerpt":{"rendered":"<p>La musique, la po\u00e9sie et l\u2019art occupent une place importante dans la vie du prof. Henryk Skar\u017cy\u0144ski. Il est l\u2019auteur de nombreux sc\u00e9narios de documentaires et de films didactiques, des po\u00e8mes occasionnels, des paroles de chansons, des pi\u00e8ces de th\u00e9\u00e2tre ..<\/p>\n<div class=\"reading\"><a href=\"https:\/\/henrykskarzynski.pl\/?page_id=23308&#038;lang=pl\">&gt;&gt;&gt;<\/a><\/div>\n","protected":false},"author":9,"featured_media":0,"parent":0,"menu_order":0,"comment_status":"closed","ping_status":"closed","template":"","meta":{"footnotes":""},"class_list":["post-23308","page","type-page","status-publish","hentry"],"_links":{"self":[{"href":"https:\/\/henrykskarzynski.pl\/index.php?rest_route=\/wp\/v2\/pages\/23308","targetHints":{"allow":["GET"]}}],"collection":[{"href":"https:\/\/henrykskarzynski.pl\/index.php?rest_route=\/wp\/v2\/pages"}],"about":[{"href":"https:\/\/henrykskarzynski.pl\/index.php?rest_route=\/wp\/v2\/types\/page"}],"author":[{"embeddable":true,"href":"https:\/\/henrykskarzynski.pl\/index.php?rest_route=\/wp\/v2\/users\/9"}],"replies":[{"embeddable":true,"href":"https:\/\/henrykskarzynski.pl\/index.php?rest_route=%2Fwp%2Fv2%2Fcomments&post=23308"}],"version-history":[{"count":1,"href":"https:\/\/henrykskarzynski.pl\/index.php?rest_route=\/wp\/v2\/pages\/23308\/revisions"}],"predecessor-version":[{"id":23309,"href":"https:\/\/henrykskarzynski.pl\/index.php?rest_route=\/wp\/v2\/pages\/23308\/revisions\/23309"}],"wp:attachment":[{"href":"https:\/\/henrykskarzynski.pl\/index.php?rest_route=%2Fwp%2Fv2%2Fmedia&parent=23308"}],"curies":[{"name":"wp","href":"https:\/\/api.w.org\/{rel}","templated":true}]}}