{"id":23301,"date":"2023-02-23T12:18:18","date_gmt":"2023-02-23T12:18:18","guid":{"rendered":"https:\/\/henrykskarzynski.pl\/?page_id=23301"},"modified":"2023-12-14T14:47:33","modified_gmt":"2023-12-14T14:47:33","slug":"pubblicazioni","status":"publish","type":"page","link":"https:\/\/henrykskarzynski.pl\/?page_id=23301&lang=pl","title":{"rendered":"Pubblicazioni"},"content":{"rendered":"<p><strong>Le pubblicazioni scientifiche su riviste riconosciute a livello internazionale sono una misura dell&#8217;attivit\u00e0 di ricerca. L&#8217;attivit\u00e0 di ricercatori o centri scientifici pu\u00f2 essere verificata, tra gli altri utilizzando motori di ricerca di articoli scientifici, come Web of Science, Scopus, Google Scholar. Questi motori di ricerca consentono di verificare il numero di pubblicazioni su un determinato argomento (nella forma di voce) pubblicate dall&#8217;autore e determinano la sua posizione rispetto ad altri scienziati che pubblicano articoli scientifici nello stesso campo. L&#8217;analisi dei risultati scientifici del prof. Henryk Skar\u017cy\u0144ski realizzata utilizzando il Web of Science sembra impressionante.<\/strong><\/p>\n<p>Secondo i dati dell&#8217;dicembre 2023, il prof. Henryk Skar\u017cy\u0144ski \u00e8 un leader globale nella lista degli scienziati che conducono ricerche nel campo della sordit\u00e0 parziale (partial deafness): ha il maggior numero di pubblicazioni su questo tema. I risultati dell&#8217;analisi della letteratura mondiale per parole chiavi quali, ad es. finestra rotonda (round window), test di screening dell&#8217;udito (hearing screening), udito (hearing), impianto di impianti cocleari (cochlear implantation) o udito elettroacustico (electro-acoustic hearing) indicano che il prof. Henryk Skar\u017cy\u0144ski si colloca tra i primi dieci scienziati-autori di articoli scientifici in queste aree.<\/p>\n<p>Di seguito presentiamo un&#8217;analisi dettagliata dei risultati scientifici del prof. Henryk Skar\u017cy\u0144ski (dicembre 2023) sulla base del Web of Science:<\/p>\n<ul>\n<li>1 al mondo per la voce <em>partial deafness<\/em> (su 732 articoli trovati)<\/li>\n<li>1 per <em>hearing screening \u2013 school<\/em> (su 814 articoli trovati<\/li>\n<li>3 per <em>children hearing screening<\/em> (su 3915 articoli trovati)<\/li>\n<li>2 per <em>hearing \u2013 questionnaire<\/em> (su 10.765 articoli trovati)<\/li>\n<li>4 per <em>hearing screening<\/em> (su 10 757 articoli trovati)<\/li>\n<li>6 per la voce <em>round window <\/em>(su 5089 articoli trovati)<\/li>\n<li>9 per <em>hearing<\/em> (su 189 900 articoli trovati)<\/li>\n<li>7 per <em>hearing implant <\/em>(su 14 854 articoli trovati)<\/li>\n<li>7 per <em>high frequency hearing loss <\/em>(su 7181 articoli trovati)<\/li>\n<li>7 per <em>hearing treatment <\/em>(su 21 797 articoli trovati)<\/li>\n<li>7 per <em>hearing preservation <\/em>(su 4284 articoli trovati)<\/li>\n<li>7 per <em>Rehabilitation of Hearing<\/em> (su 4919 articoli trovati)<\/li>\n<li>5 per <em>Hearing \u2013 quality of life <\/em>(su 6659 articoli trovati)<\/li>\n<li>13 per <em>hearing loss<\/em> (su 68 721 articoli trovati)<\/li>\n<li>18 per <em>cochlear implant <\/em>(su 19 191 articoli trovati)<\/li>\n<li>39 per <em>tinnitus <\/em>(su 13 812 articoli trovati)<\/li>\n<\/ul>\n<p>Vale la pena ricordare che il Web of Science \u00e8 un pacchetto di database astratto-bibliometrici pubblicati da Clarivate Analytics. Questo database \u00e8 stato creato sulla base di riviste scientifiche sulla lista annunciata dall&#8217;Institute for Scientific Information, nota come la cosiddetta lista di Philadelphia. Le riviste di questa lista sono considerate le pi\u00f9 importanti per la scienza mondiale. La banca dati \u00e8 messa a disposizione di tutte le universit\u00e0 e istituzioni scientifiche in Polonia dal Ministero della scienza e dell&#8217;istruzione superiore.<\/p>\n<h2><a href=\"https:\/\/henrykskarzynski.pl\/wp-content\/uploads\/2023\/02\/Publications.pdf\">Pubblicazioni scientifiche<\/a><\/h2>\n<h2><a href=\"https:\/\/henrykskarzynski.pl\/wp-content\/uploads\/2023\/02\/Publications-in-peer-reviewed-international-and-polish-conference-materials.pdf\">Pubblicazioni in materiale congressuale<\/a><\/h2>\n<h2><a href=\"https:\/\/henrykskarzynski.pl\/wp-content\/uploads\/2023\/02\/Presentations-at-scientific-meetings.pdf\">Presentazioni a congressi scientifici<\/a><\/h2>\n","protected":false},"excerpt":{"rendered":"<p>Le pubblicazioni scientifiche su riviste riconosciute a livello internazionale sono una misura dell&#8217;attivit\u00e0 di ricerca. L&#8217;attivit\u00e0 di ricercatori o centri scientifici pu\u00f2 essere verificata, tra gli altri utilizzando motori di ricerca di articoli scientifici, come Web of Science, Scopus, Google ..<\/p>\n<div class=\"reading\"><a href=\"https:\/\/henrykskarzynski.pl\/?page_id=23301&#038;lang=pl\">&gt;&gt;&gt;<\/a><\/div>\n","protected":false},"author":9,"featured_media":0,"parent":0,"menu_order":0,"comment_status":"closed","ping_status":"closed","template":"","meta":{"footnotes":""},"class_list":["post-23301","page","type-page","status-publish","hentry"],"_links":{"self":[{"href":"https:\/\/henrykskarzynski.pl\/index.php?rest_route=\/wp\/v2\/pages\/23301","targetHints":{"allow":["GET"]}}],"collection":[{"href":"https:\/\/henrykskarzynski.pl\/index.php?rest_route=\/wp\/v2\/pages"}],"about":[{"href":"https:\/\/henrykskarzynski.pl\/index.php?rest_route=\/wp\/v2\/types\/page"}],"author":[{"embeddable":true,"href":"https:\/\/henrykskarzynski.pl\/index.php?rest_route=\/wp\/v2\/users\/9"}],"replies":[{"embeddable":true,"href":"https:\/\/henrykskarzynski.pl\/index.php?rest_route=%2Fwp%2Fv2%2Fcomments&post=23301"}],"version-history":[{"count":5,"href":"https:\/\/henrykskarzynski.pl\/index.php?rest_route=\/wp\/v2\/pages\/23301\/revisions"}],"predecessor-version":[{"id":23882,"href":"https:\/\/henrykskarzynski.pl\/index.php?rest_route=\/wp\/v2\/pages\/23301\/revisions\/23882"}],"wp:attachment":[{"href":"https:\/\/henrykskarzynski.pl\/index.php?rest_route=%2Fwp%2Fv2%2Fmedia&parent=23301"}],"curies":[{"name":"wp","href":"https:\/\/api.w.org\/{rel}","templated":true}]}}