{"id":22896,"date":"2022-08-03T12:34:25","date_gmt":"2022-08-03T12:34:25","guid":{"rendered":"https:\/\/henrykskarzynski.pl\/?page_id=22896"},"modified":"2022-08-03T12:45:17","modified_gmt":"2022-08-03T12:45:17","slug":"attivita-artistica","status":"publish","type":"page","link":"https:\/\/henrykskarzynski.pl\/?page_id=22896&lang=pl","title":{"rendered":"Attivit\u00e0 artistica"},"content":{"rendered":"<p><img loading=\"lazy\" decoding=\"async\" class=\"size-medium wp-image-21487\" src=\"https:\/\/henrykskarzynski.pl\/wp-content\/uploads\/2021\/04\/Avatar_powrot-beethovena-300x300.jpg\" alt=\"\" width=\"300\" height=\"300\" srcset=\"https:\/\/henrykskarzynski.pl\/wp-content\/uploads\/2021\/04\/Avatar_powrot-beethovena-300x300.jpg 300w, https:\/\/henrykskarzynski.pl\/wp-content\/uploads\/2021\/04\/Avatar_powrot-beethovena-150x150.jpg 150w, https:\/\/henrykskarzynski.pl\/wp-content\/uploads\/2021\/04\/Avatar_powrot-beethovena-206x206.jpg 206w, https:\/\/henrykskarzynski.pl\/wp-content\/uploads\/2021\/04\/Avatar_powrot-beethovena.jpg 512w\" sizes=\"auto, (max-width: 300px) 100vw, 300px\" \/><\/p>\n<p>Nella vita del professor Henryk Skar\u017cy\u0144ski la musica, l\u2019arte e la poesia occupano un posto speciale. \u00c8 l\u2019autore di numerose sceneggiature dei documentari e dei video tutorial, delle poesie d\u2019occasione, dei testi delle canzoni, degli spettacoli speciali ecc. \u00c8 un uomo di numerose passioni. Ha cominciato a scrivere le sue prime poesie al secondo anno delle superiori. La poesia pi\u00f9 conosciuta \u00e8 intitolata \u201eIl mondo che sento\u201d [\u201c\u015awiat, kt\u00f3ry s\u0142ysz\u0119\u201d] che \u00e8 diventata un inno ed \u00e8 cantata durante numerose solennit\u00e0 nelle quali partecipano sempre i rappresentanti del governo, ministeri, enti pubblici, rappresentanti delle universit\u00e0, organizzazioni dei pazienti, organizzazioni non governative, chiese e media.<\/p>\n<p>Dal 2014, \u00e8 il principale iniziatore e organizzatore dei festival musicali internazionali annuali di bambini, giovani e adulti con disturbi dell&#8217;udito \u201cRitmi cocleari\u201d [\u015alimakowe Rytmy], che riunisce sempre centinaia di utenti di impianti uditivi di talento musicale da tutto il mondo. Il festival mostra le possibilit\u00e0 delle persone che, dopo il posizionamento di un impianto uditivo, comunicano con gli altri senza problemi, ma hanno anche l&#8217;orecchio musicale e la passione che seguono nella vita. Questo permette loro di sviluppare le loro abilit\u00e0 artistiche: cantano, compongono, suonano gli strumenti e registrano dischi professionali. Sono una prova vivente che, grazie agli immancabili progressi tecnologici nella scienza e nella medicina, anche i disturbi dell&#8217;udito pi\u00f9 profondi non devono essere un ostacolo alla carriera musicale. \u00a0Organizzando il festival, il professor Henryk Skar\u017cy\u0144ski vuole aiutarli a realizzare sogni e piani musicali, e alle persone udenti nella nostra societ\u00e0 ha voluto documentare i quotidiani risultati medici. Il festival si svolge con successo da 6 anni ed \u00e8 un evento musicale e scientifico conosciuto in tutto il mondo. Nel 2018 e nel 2019, il prof. H. Skar\u017cy\u0144ski e i suoi finalisti hanno partecipato nelle sessioni speciali del Parlamento europeo a Bruxelles.<\/p>\n<p>Il professor Henryk Skar\u017cy\u0144ski \u00e8 autore del libretto del primo al mondo musical con la partecipazione dei pazienti e utenti degli impianti cocleari intitolato \u201eIl silenzio interrotto\u201d [\u201cPrzerwana cisza\u201d]\u00a0 la prima del quale ha avuto posto il 14 settembre 2019 sul palco dell\u2019Opera da Camera di Varsavia. Il musical racconta delle storie vere e i problemi dei pazienti autentici che sono nati sordi, ipoudenti oppure hanno perso l\u2019udito nel corso della vita nonch\u00e9 hanno avuto altri problemi uditivi.<\/p>\n<p>Con l&#8217;uso delle pi\u00f9 moderne tecnologie e metodi chirurgici che il professor Henryk Skar\u017cy\u0144ski ha sviluppato e implementato presso il Centro Mondiale dell&#8217;Udito, hanno abbandonato il mondo del silenzio. Questi eroi sono interpretati da tra l\u2019altro pazienti autentici, ai quali il professor Skar\u017cy\u0144ski ha dedicato molte delle sue opere poetiche che riflettono la loro vita difficile e complessa. Il compositore e direttore musicale de &#8222;Il silenzio interrotto&#8221; \u00e8 il compositore e arrangiatore, il \u00a0professor Krzesimir D\u0119bski. Il direttore musicale \u00e8 legato all&#8217;Opera da Camera di Varsavia, il regista di fama mondiale Micha\u0142 Znaniecki. Il responsabile per la scenografia \u00e8 Luigi Scoglio. La storia presentata in tre atti mostra il percorso della vita: lo sviluppo dell&#8217;udito e della favella, la comunicazione umana e il percorso artistico dei molti pazienti del professore. Il musical \u00e8 il vincitore del &#8222;Warsaw cultural Education Award 2020&#8221;.<\/p>\n<p>Il prof. Henryk Skar\u017cy\u0144ski \u00e8 anche autore del romanzo e della sceneggiatura del lungometraggio intitolato \u201cIl ritorno di Beethoven\u201d [\u201cPowr\u00f3t Beethovena\u201d] che sta producendo. Il film documenter\u00e0 \u00a0i raggiungimenti pi\u00f9 importanti e pionieristici della scienza e medicina polacca nella diagnostica, trattamento e riabilitazione dei danni ai vari organi di sensi, in particolare al sistema uditivo, alla sordit\u00e0 totale e parziale. La trama si svolge nei molti paesi in tre continenti e sul territorio nazionale presso il Centro mondiale dell\u2019Udito dove si svolge il maggior numero degli interventi di miglioramento dell\u2019udito nei bambini, negli adolescenti e negli adulti. Lo scenario include l\u2019utilizzo di molti recentissimi raggiungimenti tecnologici, organizzativi e chirurgici al livello mondiale che sono stati elaborati e attuati alla pratica clinica quotidiana. Un\u2019attivit\u00e0 straordinaria del prof. Henryk Skar\u017cy\u0144ski \u00e8 anche collezionare delle lumache. Questa ultima passione \u00e8 diventata un pretesto per creare \u201cIl museo della lumaca\u201d e per battere il record del Guinness. A luglio 2012 con il risultato di \u00a01377 esemplari questo record \u00e8 stato battuto nella categoria \u201eLa pi\u00f9 grande collezione degli oggetti con l\u2019immagine e\u00a0 sull\u2019aspetto di una lumaca\u201d. Al momento la collezione comprende gi\u00e0 oltre 5 mila esemplari.<\/p>\n","protected":false},"excerpt":{"rendered":"<p>Nella vita del professor Henryk Skar\u017cy\u0144ski la musica, l\u2019arte e la poesia occupano un posto speciale. \u00c8 l\u2019autore di numerose sceneggiature dei documentari e dei video tutorial, delle poesie d\u2019occasione, dei testi delle canzoni, degli spettacoli speciali ecc. \u00c8 un ..<\/p>\n<div class=\"reading\"><a href=\"https:\/\/henrykskarzynski.pl\/?page_id=22896&#038;lang=pl\">&gt;&gt;&gt;<\/a><\/div>\n","protected":false},"author":9,"featured_media":0,"parent":0,"menu_order":0,"comment_status":"closed","ping_status":"closed","template":"","meta":{"footnotes":""},"class_list":["post-22896","page","type-page","status-publish","hentry"],"_links":{"self":[{"href":"https:\/\/henrykskarzynski.pl\/index.php?rest_route=\/wp\/v2\/pages\/22896","targetHints":{"allow":["GET"]}}],"collection":[{"href":"https:\/\/henrykskarzynski.pl\/index.php?rest_route=\/wp\/v2\/pages"}],"about":[{"href":"https:\/\/henrykskarzynski.pl\/index.php?rest_route=\/wp\/v2\/types\/page"}],"author":[{"embeddable":true,"href":"https:\/\/henrykskarzynski.pl\/index.php?rest_route=\/wp\/v2\/users\/9"}],"replies":[{"embeddable":true,"href":"https:\/\/henrykskarzynski.pl\/index.php?rest_route=%2Fwp%2Fv2%2Fcomments&post=22896"}],"version-history":[{"count":2,"href":"https:\/\/henrykskarzynski.pl\/index.php?rest_route=\/wp\/v2\/pages\/22896\/revisions"}],"predecessor-version":[{"id":22899,"href":"https:\/\/henrykskarzynski.pl\/index.php?rest_route=\/wp\/v2\/pages\/22896\/revisions\/22899"}],"wp:attachment":[{"href":"https:\/\/henrykskarzynski.pl\/index.php?rest_route=%2Fwp%2Fv2%2Fmedia&parent=22896"}],"curies":[{"name":"wp","href":"https:\/\/api.w.org\/{rel}","templated":true}]}}