{"id":2223,"date":"2013-11-15T10:58:56","date_gmt":"2013-10-14T15:25:06","guid":{"rendered":"http:\/\/178.216.200.219\/?p=2223"},"modified":"2018-06-27T18:32:42","modified_gmt":"2018-06-27T18:32:42","slug":"formation","status":"publish","type":"page","link":"https:\/\/henrykskarzynski.pl\/?page_id=2223&lang=fr","title":{"rendered":"Formation"},"content":{"rendered":"<table border=\"0\" width=\"100%\" cellspacing=\"0\" cellpadding=\"0\">\n<tbody>\n<tr>\n<td>1973-1979<\/td>\n<td>\u00e9tudes en Facult\u00e9 de m\u00e9decine \u00e0 l\u2019Acad\u00e9mie de m\u00e9decine \u00e0 Varsovie<\/td>\n<\/tr>\n<tr>\n<td>1979-1980<\/td>\n<td>stage \u00e0 l&#8217;Acad\u00e9mie de m\u00e9decine de Varsovie<\/td>\n<\/tr>\n<tr>\n<td>1982<\/td>\n<td>sp\u00e9cialisation de niveau I en ORL<\/td>\n<\/tr>\n<tr>\n<td>1983<\/td>\n<td>docteur en m\u00e9decine, Acad\u00e9mie de m\u00e9decine de Varsovie<\/td>\n<\/tr>\n<tr>\n<td>1986<\/td>\n<td>sp\u00e9cialisation de niveau II en ORL<\/td>\n<\/tr>\n<tr>\n<td>1989<\/td>\n<td>boursier au D\u00e9partement d&#8217;ORL de l\u2019H\u00f4pital Universitaire de Z\u00fcrich (Suisse), sous la direction du prof. Ugo Fish<\/td>\n<\/tr>\n<tr>\n<td>1989<\/td>\n<td>boursier \u00e0 l\u2019H\u00f4pital Cochin, Universit\u00e9 de Paris (France), sous la direction du prof. Jean Marie Sterkers<\/td>\n<\/tr>\n<tr>\n<td>1989<\/td>\n<td>docteur en m\u00e9decine habilit\u00e9 \u00e0 diriger les recherches, Acad\u00e9mie de m\u00e9decine de Varsovie<\/td>\n<\/tr>\n<tr>\n<td>1990<\/td>\n<td>boursier au service d\u2019ORL H\u00f4pital Saint-Antoine \u00e0 Paris, Universit\u00e9 de Paris (France), sous la direction du prof. Claude-Henri Chouard<\/td>\n<\/tr>\n<tr>\n<td>1991<\/td>\n<td>boursier au 2\u00e8me D\u00e9partement d&#8217;ORL, l&#8217;Universit\u00e9 de Vienne (Autriche), sous la direction du prof. Kurt Burian<\/td>\n<\/tr>\n<tr>\n<td>1991<\/td>\n<td>ma\u00eetre de conf\u00e9rences (Docent), Acad\u00e9mie de M\u00e9decine de Varsovie<\/td>\n<\/tr>\n<tr>\n<td>1993<\/td>\n<td>professeur extraordinaire, Acad\u00e9mie de M\u00e9decine de Varsovie<\/td>\n<\/tr>\n<tr>\n<td>1994<\/td>\n<td>stage d&#8217;otologie \u00e0 la Mayo Clinic, Rochester (\u00c9tats-Unis), sous la direction du professeur Thomas J. McDonald<\/td>\n<\/tr>\n<tr>\n<td>1995<\/td>\n<td>professeur de m\u00e9decine<\/td>\n<\/tr>\n<tr>\n<td>1996<\/td>\n<td>boursier dans le D\u00e9partement d&#8217;Audiologie et d&#8217;Orthophonie, BYU (Brigham Young University), Provo, UT (USA)<\/td>\n<\/tr>\n<tr>\n<td>2009<\/td>\n<td>sp\u00e9cialisation de niveau II en audiologie et phoniatrie<\/td>\n<\/tr>\n<\/tbody>\n<\/table>\n<table style=\"width: 473px;\" border=\"0\" cellspacing=\"0\" cellpadding=\"0\">\n<tbody>\n<tr>\n<td style=\"width: 82px;\">2016<\/td>\n<td style=\"width: 391px;\">sp\u00e9cialisation en oto-rhino-laryngologie p\u00e9diatrique<\/td>\n<\/tr>\n<\/tbody>\n<\/table>\n","protected":false},"excerpt":{"rendered":"<p>1973-1979 \u00e9tudes en Facult\u00e9 de m\u00e9decine \u00e0 l\u2019Acad\u00e9mie de m\u00e9decine \u00e0 Varsovie 1979-1980 stage \u00e0 l&#8217;Acad\u00e9mie de m\u00e9decine de Varsovie 1982 sp\u00e9cialisation de niveau I en ORL 1983 docteur en m\u00e9decine, Acad\u00e9mie de m\u00e9decine de Varsovie 1986 sp\u00e9cialisation de niveau ..<\/p>\n<div class=\"reading\"><a href=\"https:\/\/henrykskarzynski.pl\/?page_id=2223&#038;lang=fr\">&gt;&gt;&gt;<\/a><\/div>\n","protected":false},"author":3,"featured_media":0,"parent":0,"menu_order":48,"comment_status":"closed","ping_status":"closed","template":"","meta":{"footnotes":""},"class_list":["post-2223","page","type-page","status-publish","hentry"],"_links":{"self":[{"href":"https:\/\/henrykskarzynski.pl\/index.php?rest_route=\/wp\/v2\/pages\/2223","targetHints":{"allow":["GET"]}}],"collection":[{"href":"https:\/\/henrykskarzynski.pl\/index.php?rest_route=\/wp\/v2\/pages"}],"about":[{"href":"https:\/\/henrykskarzynski.pl\/index.php?rest_route=\/wp\/v2\/types\/page"}],"author":[{"embeddable":true,"href":"https:\/\/henrykskarzynski.pl\/index.php?rest_route=\/wp\/v2\/users\/3"}],"replies":[{"embeddable":true,"href":"https:\/\/henrykskarzynski.pl\/index.php?rest_route=%2Fwp%2Fv2%2Fcomments&post=2223"}],"version-history":[{"count":0,"href":"https:\/\/henrykskarzynski.pl\/index.php?rest_route=\/wp\/v2\/pages\/2223\/revisions"}],"wp:attachment":[{"href":"https:\/\/henrykskarzynski.pl\/index.php?rest_route=%2Fwp%2Fv2%2Fmedia&parent=2223"}],"curies":[{"name":"wp","href":"https:\/\/api.w.org\/{rel}","templated":true}]}}