{"id":2221,"date":"2013-04-30T12:37:31","date_gmt":"2013-12-09T14:01:02","guid":{"rendered":"http:\/\/178.216.200.219\/?p=2221"},"modified":"2015-10-25T17:35:02","modified_gmt":"2015-10-25T17:35:02","slug":"brevets","status":"publish","type":"page","link":"https:\/\/henrykskarzynski.pl\/?page_id=2221&lang=fr","title":{"rendered":"Brevets polonais et internationaux"},"content":{"rendered":"<ul>\n<li> \t\tSkar\u017cy\u0144ski H., Czy\u017cewski A., Nouvelle m&eacute;thode th&eacute;rapeutique psycho-audio-linguistique (M&eacute;thode SPS &ndash; M&eacute;thode de Stimulation de la Perception Sensorielle de Skar\u017cy\u0144ski) (2010)<\/li>\n<li> \t\tSkar\u017cy\u0144ski H., Czy\u017cewski A.: A portable audio device, a system and a way of exercising aural acuity, PCT application No. P 387631 (2009)<\/li>\n<li> \t\tCzy\u017cewski A., Skar\u017cy\u0144ski H., Kostek B.: Appareil auditif sans contact. D&eacute;p&ocirc;t du brevet N&deg; P 381794 (2007)<\/li>\n<li> \t\tKochanek K., Skar\u017cy\u0144ski H., Pietraszek S., \u017bebro M., Smurzy\u0144ski J., Mazur J.: Un dispositif pour le d&eacute;pistage de l&rsquo;audition. Le num&eacute;ro de D&eacute;p&ocirc;t &agrave; l&#39;Office des Brevets Polonais: P 356 571 (2005)<\/li>\n<li> \t\tCzy\u017cewski A., Skar\u017cy\u0144ski H., Kostek B., Mazur J.: Method of testing hearing by means of personal computers. International Application Published Under the Patent Cooperation Treaty, No WO 00\/64350 (2002)<\/li>\n<li> \t\tCzy\u017cewski A., Skar\u017cy\u0144ski H., Kostek B.: Method and system for the diagnostics and rehabilitation of Tinnitus patients. International Application Published Under the Patent Cooperation Treaty, No WO 02\/42986 A1 (2002)<\/li>\n<li> \t\tCzy\u017cewski A., Skar\u017cy\u0144ski H., Kostek B.: Therapy system and device for speech articulation. International Application Published Under the Patent Cooperation Treaty, No WO 02\/39423 A1 (2002)<\/li>\n<li> \t\tCzy\u017cewski A., Skar\u017cy\u0144ski H., Kostek B., Szaflik J.: Visual screening tests by means of computers. International Application Published Under the Patent Cooperation Treaty, No WO 02\/39754 A1 (2002)<\/li>\n<li> \t\tSkar\u017cy\u0144ski H. Sonde pour le traitement des sinus nasaux. N &deg; W &#8211; 96421. Brevet national (2001)<\/li>\n<li> \t\tSkar\u017cy\u0144ski H., Czy\u017cewski A.: M&eacute;thode de r&eacute;alisation de mesures audiom&eacute;triques par ordinateur et p&eacute;riph&eacute;rique d&eacute;di&eacute;. Brevet national (2001)<\/li>\n<li> \t\tSkar\u017cy\u0144ski H.: Tube en mati&egrave;re plastique pour la trach&eacute;otomie. N&deg; W &ndash; 96424. Brevet national (2000)<\/li>\n<li> \t\tSkar\u017cy\u0144ski H.: Proth&egrave;se pour la reconstruction du circuit de transmission dans l&#39;oreille moyenne. N&deg; W &ndash; 96425. Brevet national (2000)<\/li>\n<li> \t\tSkar\u017cy\u0144ski H.: Proth&egrave;ses auditives en c&eacute;ramique. Brevet national (2000)<\/li>\n<li> \t\tDispositif pour arr&ecirc;ter les h&eacute;morragies des fosses nasales. N&deg; W &ndash; 92162. Brevet national (1999)<\/li>\n<\/ul>\n","protected":false},"excerpt":{"rendered":"<p>Skar\u017cy\u0144ski H., Czy\u017cewski A., Nouvelle m&eacute;thode th&eacute;rapeutique psycho-audio-linguistique (M&eacute;thode SPS &ndash; M&eacute;thode de Stimulation de la Perception Sensorielle de Skar\u017cy\u0144ski) (2010) Skar\u017cy\u0144ski H., Czy\u017cewski A.: A portable audio device, a system and a way of exercising aural acuity, PCT application ..<\/p>\n<div class=\"reading\"><a href=\"https:\/\/henrykskarzynski.pl\/?page_id=2221&#038;lang=fr\">&gt;&gt;&gt;<\/a><\/div>\n","protected":false},"author":3,"featured_media":0,"parent":0,"menu_order":25,"comment_status":"closed","ping_status":"closed","template":"","meta":{"footnotes":""},"class_list":["post-2221","page","type-page","status-publish","hentry"],"_links":{"self":[{"href":"https:\/\/henrykskarzynski.pl\/index.php?rest_route=\/wp\/v2\/pages\/2221","targetHints":{"allow":["GET"]}}],"collection":[{"href":"https:\/\/henrykskarzynski.pl\/index.php?rest_route=\/wp\/v2\/pages"}],"about":[{"href":"https:\/\/henrykskarzynski.pl\/index.php?rest_route=\/wp\/v2\/types\/page"}],"author":[{"embeddable":true,"href":"https:\/\/henrykskarzynski.pl\/index.php?rest_route=\/wp\/v2\/users\/3"}],"replies":[{"embeddable":true,"href":"https:\/\/henrykskarzynski.pl\/index.php?rest_route=%2Fwp%2Fv2%2Fcomments&post=2221"}],"version-history":[{"count":0,"href":"https:\/\/henrykskarzynski.pl\/index.php?rest_route=\/wp\/v2\/pages\/2221\/revisions"}],"wp:attachment":[{"href":"https:\/\/henrykskarzynski.pl\/index.php?rest_route=%2Fwp%2Fv2%2Fmedia&parent=2221"}],"curies":[{"name":"wp","href":"https:\/\/api.w.org\/{rel}","templated":true}]}}