{"id":2184,"date":"2014-08-06T14:15:40","date_gmt":"2013-09-16T19:54:49","guid":{"rendered":"http:\/\/178.216.200.219\/?p=2184"},"modified":"2015-10-25T17:38:49","modified_gmt":"2015-10-25T17:38:49","slug":"gesellschaften-und-wissenschaftliche-aussch-sse","status":"publish","type":"page","link":"https:\/\/henrykskarzynski.pl\/?page_id=2184&lang=de","title":{"rendered":"Gesellschaften und wissenschaftliche Aussch\u00fcsse"},"content":{"rendered":"<ul>\n<li>seit 2013 Mitglied der Mediterranean Society of Otology And Audiology<\/li>\n<li>seit 2013 Mitglied der American Cochlear Implant Alliance<\/li>\n<li>seit 2012 korrespondierendes Mitglied der American Otological Society (AOS)<\/li>\n<li>seit 2012 Mitglied und Berater der Society for Middle-Ear Disease (AMED )<\/li>\n<li>seit 2012 Mitglied der Neurootological and Equilibriometric Society Reg.<\/li>\n<li>seit 2011 Vorsitzender des Ausschusses der klinischen Wissenschaften der Polnischen Akademie der Wissenschaften<\/li>\n<li>seit 2010 Ehrenmitglied der Polnischen Gesellschaft der HNO-, Kopf- und Halschirurgen<\/li>\n<li>seit 2010 Mitglied der Politzer Society<\/li>\n<li>seit 2010 Mitglied der Polnischen Obersten \u00c4rztekammer (6. Amtsdauer 2010-2013 )<\/li>\n<li>seit 2009 Ehrenmitglied der kubanischen Gesellschaft f\u00fcr HNO-Heilkunde und Kopf- und Hals-Chirurgie<\/li>\n<li>seit 2009 Mitglied der International Academy of Otolaryngology<\/li>\n<li>seit 2007 Mitglied der Stiftung LION<\/li>\n<li>2007 &#8211; 2011 Vorsitzender des Ausschusses f\u00fcr Klinische Pathophysiologie, Polnische Akademie der Wissenschaften<\/li>\n<li>seit 2007 Vorsitzender des Ausschusses f\u00fcr Pathophysiologie des Geh\u00f6rs, der Sprache und der Kommunikationsst\u00f6rungen, Polnische Akademie der Wissenschaften<\/li>\n<li>seit 2007 Mitglied der Internationalen Gesellschaft f\u00fcr Audiologie<\/li>\n<li>seit 2006 Mitglied des Wissenschaftlichen Rates der Orange-Stiftung<\/li>\n<li>seit 2006 Mitglied der European Society of Magnetic Resonance in Medicine<\/li>\n<li>seit 2006 Mitglied des Wissenschaftlichen Rates am Gesundheitsministerium,<\/li>\n<li>seit 2005 Mitglied der European Society for Artificial Organs<\/li>\n<li>seit 1999 Mitglied der Polnischen Gesellschaft f\u00fcr Sch\u00e4delbasischirurgie<\/li>\n<li>1998 Gr\u00fcndungsmitglied der European Academy of Otology and Neuro-Otology (EAONO )<\/li>\n<li>1998 Gr\u00fcndungsmitglied der Polnischen Gesellschaft f\u00fcr Biomedizinische Technik<\/li>\n<li>seit 1998 Ehrenmitglied der Slowakischen Gesellschaft f\u00fcr HNO-Heilkunde, Kopf- und Hals-Chirurgie<\/li>\n<li>seit 1997 Mitglied der International Evoked Response Audiometry Study Group<\/li>\n<li>1996 Gr\u00fcndungsmitglied und Vorsitzender der Polnischen Wissenschaftlichen Gesellschaft f\u00fcr H\u00f6r- und Sprachst\u00f6rungen und Sprachkommunikation<\/li>\n<li>seit 1996 Mitglied der Association for Research in Otolaryngology<\/li>\n<li>seit 1996 Mitglied des Ausschusses f\u00fcr Akustik der Polnischen Akademie der Wissenschaften<\/li>\n<li>seit 1995 Mitglied der American Tinnitus Association<\/li>\n<li>seit 1995 Mitglied der New York Academy of Sciences<\/li>\n<li>seit 1994 Mitglied des Collegium Oto-Rhino-Laryngologicum Amicitiae Sacrum (CORLAS )<\/li>\n<li>seit 1994 Mitglied der American Academy of Audiology<\/li>\n<li>seit 1990 Mitglied der European Association of the Tissue Banks &#8211; EATB<\/li>\n<li>1983 -2013 Mitglied der Leitung der Niederlassung Warschau, der Hauptverwaltung, des Pr\u00fcfungsausschusses und Vorsitzender der Leitung der Audiologischen Sektion in der Polnischen Gesellschaft f\u00fcr HNO-, Kopf- und Halschirurgen<\/li>\n<\/ul>\n<p>&nbsp;<\/p>\n","protected":false},"excerpt":{"rendered":"<p>seit 2013 Mitglied der Mediterranean Society of Otology And Audiology seit 2013 Mitglied der American Cochlear Implant Alliance seit 2012 korrespondierendes Mitglied der American Otological Society (AOS) seit 2012 Mitglied und Berater der Society for Middle-Ear Disease (AMED ) seit ..<\/p>\n<div class=\"reading\"><a href=\"https:\/\/henrykskarzynski.pl\/?page_id=2184&#038;lang=de\">&gt;&gt;&gt;<\/a><\/div>\n","protected":false},"author":3,"featured_media":0,"parent":0,"menu_order":2,"comment_status":"closed","ping_status":"closed","template":"","meta":{"footnotes":""},"class_list":["post-2184","page","type-page","status-publish","hentry"],"_links":{"self":[{"href":"https:\/\/henrykskarzynski.pl\/index.php?rest_route=\/wp\/v2\/pages\/2184","targetHints":{"allow":["GET"]}}],"collection":[{"href":"https:\/\/henrykskarzynski.pl\/index.php?rest_route=\/wp\/v2\/pages"}],"about":[{"href":"https:\/\/henrykskarzynski.pl\/index.php?rest_route=\/wp\/v2\/types\/page"}],"author":[{"embeddable":true,"href":"https:\/\/henrykskarzynski.pl\/index.php?rest_route=\/wp\/v2\/users\/3"}],"replies":[{"embeddable":true,"href":"https:\/\/henrykskarzynski.pl\/index.php?rest_route=%2Fwp%2Fv2%2Fcomments&post=2184"}],"version-history":[{"count":0,"href":"https:\/\/henrykskarzynski.pl\/index.php?rest_route=\/wp\/v2\/pages\/2184\/revisions"}],"wp:attachment":[{"href":"https:\/\/henrykskarzynski.pl\/index.php?rest_route=%2Fwp%2Fv2%2Fmedia&parent=2184"}],"curies":[{"name":"wp","href":"https:\/\/api.w.org\/{rel}","templated":true}]}}