{"id":2159,"date":"2013-11-15T11:09:19","date_gmt":"2013-10-14T15:48:17","guid":{"rendered":"http:\/\/178.216.200.219\/?p=2159"},"modified":"2018-06-29T15:46:56","modified_gmt":"2018-06-29T15:46:56","slug":"de-tytult-honorowe","status":"publish","type":"page","link":"https:\/\/henrykskarzynski.pl\/?page_id=2159&lang=de","title":{"rendered":"Wissenschaftliche Ehrentitel"},"content":{"rendered":"<table border=\"0\" width=\"964\" cellspacing=\"1\" cellpadding=\"1\">\n<tbody>\n<tr>\n<td>1998<\/td>\n<td>Ehrenprofessor der Brigham Young University in Provo, UT (USA)<\/td>\n<\/tr>\n<tr>\n<td>2011<\/td>\n<td>Ehrendoktorw\u00fcrde der Maria-Grzegorzewska-Akademie f\u00fcr Sonderp\u00e4dagogik in Warschau<\/td>\n<\/tr>\n<tr>\n<td>2012<\/td>\n<td>Au\u00dferordentlicher Professor der Nicolae Testemi\u021banu State University of Medicine and Pharmacy, Kischinau (Moldawien)<\/td>\n<\/tr>\n<tr>\n<td>2012<\/td>\n<td>Ehrendoktorw\u00fcrde der Universit\u00e4t Warschau, verliehen auf Antrag der Fakult\u00e4tsr\u00e4te f\u00fcr Biologie und Management<\/td>\n<\/tr>\n<tr>\n<td>2014<\/td>\n<td>Ehrendoktorw\u00fcrde der Universit\u00e4t von Maria Curie-Sklodowska in Lublin<\/td>\n<\/tr>\n<\/tbody>\n<\/table>\n<table style=\"width: 966px;\" border=\"0\" cellspacing=\"1\" cellpadding=\"1\">\n<tbody>\n<tr>\n<td style=\"width: 41px;\">2016<\/td>\n<td style=\"width: 925px;\"><a href=\"https:\/\/henrykskarzynski.pl\/de\/aktualnosci-de\/7-kongress-der-kinderarzte-der-lander-der-gemeinschaft-unabhangiger-staaten-mit-beteiligung-der-vertreter-des-institutes-fur-physiologie-und-pathologie-des-gehors.html\">Titel des Ehrenprofessors des Nationalen Zentrums der Mutter und des Kindes in Bischkek<\/a><\/td>\n<\/tr>\n<\/tbody>\n<\/table>\n","protected":false},"excerpt":{"rendered":"<p>1998 Ehrenprofessor der Brigham Young University in Provo, UT (USA) 2011 Ehrendoktorw\u00fcrde der Maria-Grzegorzewska-Akademie f\u00fcr Sonderp\u00e4dagogik in Warschau 2012 Au\u00dferordentlicher Professor der Nicolae Testemi\u021banu State University of Medicine and Pharmacy, Kischinau (Moldawien) 2012 Ehrendoktorw\u00fcrde der Universit\u00e4t Warschau, verliehen auf Antrag ..<\/p>\n<div class=\"reading\"><a href=\"https:\/\/henrykskarzynski.pl\/?page_id=2159&#038;lang=de\">&gt;&gt;&gt;<\/a><\/div>\n","protected":false},"author":3,"featured_media":0,"parent":0,"menu_order":14,"comment_status":"closed","ping_status":"closed","template":"","meta":{"footnotes":""},"class_list":["post-2159","page","type-page","status-publish","hentry"],"_links":{"self":[{"href":"https:\/\/henrykskarzynski.pl\/index.php?rest_route=\/wp\/v2\/pages\/2159","targetHints":{"allow":["GET"]}}],"collection":[{"href":"https:\/\/henrykskarzynski.pl\/index.php?rest_route=\/wp\/v2\/pages"}],"about":[{"href":"https:\/\/henrykskarzynski.pl\/index.php?rest_route=\/wp\/v2\/types\/page"}],"author":[{"embeddable":true,"href":"https:\/\/henrykskarzynski.pl\/index.php?rest_route=\/wp\/v2\/users\/3"}],"replies":[{"embeddable":true,"href":"https:\/\/henrykskarzynski.pl\/index.php?rest_route=%2Fwp%2Fv2%2Fcomments&post=2159"}],"version-history":[{"count":0,"href":"https:\/\/henrykskarzynski.pl\/index.php?rest_route=\/wp\/v2\/pages\/2159\/revisions"}],"wp:attachment":[{"href":"https:\/\/henrykskarzynski.pl\/index.php?rest_route=%2Fwp%2Fv2%2Fmedia&parent=2159"}],"curies":[{"name":"wp","href":"https:\/\/api.w.org\/{rel}","templated":true}]}}