{"id":2156,"date":"2013-11-26T15:03:07","date_gmt":"2013-11-26T15:03:07","guid":{"rendered":"http:\/\/178.216.200.219\/?p=2156"},"modified":"2022-12-16T12:22:35","modified_gmt":"2022-12-16T12:22:35","slug":"associations-et-comit-s-scientifiques","status":"publish","type":"page","link":"https:\/\/henrykskarzynski.pl\/?page_id=2156&lang=fr","title":{"rendered":"Associations et Comit\u00e9s Scientifiques"},"content":{"rendered":"<p>&nbsp;<\/p>\n<table border=\"0\" width=\"1198\" cellspacing=\"1\" cellpadding=\"1\">\n<tbody>\n<tr>\n<td><strong>depuis 2016<\/strong><\/td>\n<td>Membre de la International Society for Telemedicine and eHealth<\/td>\n<\/tr>\n<\/tbody>\n<tbody>\n<tr>\n<td><strong>depuis 2015<\/strong><\/td>\n<td>Membre de la American Neurotology Society<\/td>\n<\/tr>\n<tr>\n<td><strong>depuis 2013<\/strong><\/td>\n<td>Membre de la Mediterranean Society of Otology And Audiology<\/td>\n<\/tr>\n<tr>\n<td><strong>depuis 2013<\/strong><\/td>\n<td>Membre de l\u2019American Cochlear Implant Alliance<\/td>\n<\/tr>\n<tr>\n<td><strong>depuis 2012<\/strong><\/td>\n<td>Membre Correspondant de l\u2019American Otological Society (AOS)<\/td>\n<\/tr>\n<tr>\n<td><strong>depuis 2012<\/strong><\/td>\n<td>Membre et conseilleur de la Society for Middle-Ear Disease (AMED)<\/td>\n<\/tr>\n<tr>\n<td><strong>depuis 2012<\/strong><\/td>\n<td>Membre de la Neurootological and Equilibriometric Society Reg.<\/td>\n<\/tr>\n<tr>\n<td><strong>depuis 2011<\/strong><\/td>\n<td>Pr\u00e9sident du Comit\u00e9 des Sciences Cliniques de l\u2019Acad\u00e9mie Polonaise des Sciences<\/td>\n<\/tr>\n<tr>\n<td><strong>depuis 2010<\/strong><\/td>\n<td>Membre d&#8217;honneur de la Soci\u00e9t\u00e9 Polonaise des Otorhinolaryngologues Chirurgiens cervico-faciaux<\/td>\n<\/tr>\n<tr>\n<td><strong>depuis 2010<\/strong><\/td>\n<td>Membre de la Politzer Society<\/td>\n<\/tr>\n<tr>\n<td><strong>depuis 2010<\/strong><\/td>\n<td>Membre du Conseil Sup\u00e9rieur des M\u00e9decins (6\u00e8me mandature, 2010-2013)<\/td>\n<\/tr>\n<tr>\n<td><strong>depuis 2009<\/strong><\/td>\n<td>Membre d&#8217;honneur de la Soci\u00e9t\u00e9 Cubaine d&#8217;Otorhinolaryngologie et de Chirurgie Cervico-Faciale<\/td>\n<\/tr>\n<tr>\n<td><strong>depuis 2009<\/strong><\/td>\n<td>Membre de l&#8217;International Academy of Otolaryngology<\/td>\n<\/tr>\n<tr>\n<td><strong>depuis 2007<\/strong><\/td>\n<td>Membre de la Fondation LION<\/td>\n<\/tr>\n<tr>\n<td><strong>2007- 2011<\/strong><\/td>\n<td>Pr\u00e9sident du Comit\u00e9 de Physiopathologie Clinique de l\u2019Acad\u00e9mie Polonaise des Sciences<\/td>\n<\/tr>\n<tr>\n<td><strong>depuis 2007<\/strong><\/td>\n<td>Pr\u00e9sident de la Comission de Physiopathologie de l\u2019Audition, de la Parole et des Troubles de la Communication d\u2019Acad\u00e9mie Polonaise de Sciences<\/td>\n<\/tr>\n<tr>\n<td><strong>depuis 2007<\/strong><\/td>\n<td>Membre de l&#8217;International Society of Audiology<\/td>\n<\/tr>\n<tr>\n<td><strong>depuis 2006<\/strong><\/td>\n<td>Membre du Conseil Scientifique de la Fondation Orange<\/td>\n<\/tr>\n<tr>\n<td><strong>depuis 2006<\/strong><\/td>\n<td>Membre de la European Society of Magnetic Resonance in Medicine<\/td>\n<\/tr>\n<tr>\n<td><strong>depuis 2006<\/strong><\/td>\n<td>Membre du Conseil Scientifique aupr\u00e8s du Ministre de la Sant\u00e9<\/td>\n<\/tr>\n<tr>\n<td><strong>depuis 2005<\/strong><\/td>\n<td>Membre de la European Society for Artificial Organs<\/td>\n<\/tr>\n<tr>\n<td><strong>depuis 1999<\/strong><\/td>\n<td>Membre de la Soci\u00e9t\u00e9 Polonaise de Chirurgie de la Base du Cr\u00e2ne<\/td>\n<\/tr>\n<tr>\n<td><strong>depuis 1998<\/strong><\/td>\n<td>Membre fondateur de la European Academy of Otology and Neuro-Otology (EAONO)<\/td>\n<\/tr>\n<tr>\n<td><strong>depuis 1998<\/strong><\/td>\n<td>Membre Fondateur de la Soci\u00e9t\u00e9 Polonaise de G\u00e9nie Biom\u00e9dical<\/td>\n<\/tr>\n<tr>\n<td><strong>depuis 1998<\/strong><\/td>\n<td>Slovaque Membre d&#8217;honneur de la Soci\u00e9t\u00e9 Slovaque d&#8217;Otorhinolaryngologie et de Chirurgie cervico-faciale<\/td>\n<\/tr>\n<tr>\n<td><strong>depuis 1997<\/strong><\/td>\n<td>Membre de l\u2019International Evoked Response Audiometry Study Group<\/td>\n<\/tr>\n<tr>\n<td><strong>depuis 1996<\/strong><\/td>\n<td>Membre-fondateur et pr\u00e9sident de la Soci\u00e9t\u00e9 Scientifique Polonaise des Troubles de l&#8217;Audition, de la Voix et de la Communication Linguistique<\/td>\n<\/tr>\n<tr>\n<td><strong>depuis 1996<\/strong><\/td>\n<td>Membre de l&#8217;Association for Research in Otolaryngology<\/td>\n<\/tr>\n<tr>\n<td><strong>depuis 1996<\/strong><\/td>\n<td>Membre du Comit\u00e9 d&#8217;Acoustique de l&#8217;Acad\u00e9mie Polonaise des Sciences<\/td>\n<\/tr>\n<tr>\n<td><strong>depuis 1995<\/strong><\/td>\n<td>Membre de l&#8217;American Tinnitus Association<\/td>\n<\/tr>\n<tr>\n<td><strong>depuis 1995<\/strong><\/td>\n<td>Membre de la New York Academy of Sciences<\/td>\n<\/tr>\n<tr>\n<td><strong>depuis 1994<\/strong><\/td>\n<td>Membre du Collegium Oto-Rhino-Laryngologicum Amicitiae Sacrum (CORLAS)<\/td>\n<\/tr>\n<tr>\n<td><strong>depuis 1994<\/strong><\/td>\n<td>Membre de l&#8217;American Academy of Audiology<\/td>\n<\/tr>\n<tr>\n<td><strong>depuis 1990<\/strong><\/td>\n<td>Membre d\u2019 European Association of the Tissue Banks \u2013 EATB<\/td>\n<\/tr>\n<tr>\n<td><strong>1983-2013<\/strong><\/td>\n<td>Membre de la direction de la Branche de Varsovie, du Conseil Central, de la Comission Centrale de R\u00e9vision et Pr\u00e9sident du Directoire de la Section d&#8217;Audiologie au sein de la Soci\u00e9t\u00e9 Polonaise des Otorhinolaryngologues Chirurgiens cervico-faciaux<\/td>\n<\/tr>\n<\/tbody>\n<\/table>\n","protected":false},"excerpt":{"rendered":"<p>&nbsp; depuis 2016 Membre de la International Society for Telemedicine and eHealth depuis 2015 Membre de la American Neurotology Society depuis 2013 Membre de la Mediterranean Society of Otology And Audiology depuis 2013 Membre de l\u2019American Cochlear Implant Alliance depuis ..<\/p>\n<div class=\"reading\"><a href=\"https:\/\/henrykskarzynski.pl\/?page_id=2156&#038;lang=fr\">&gt;&gt;&gt;<\/a><\/div>\n","protected":false},"author":3,"featured_media":0,"parent":0,"menu_order":38,"comment_status":"closed","ping_status":"closed","template":"","meta":{"footnotes":""},"class_list":["post-2156","page","type-page","status-publish","hentry"],"_links":{"self":[{"href":"https:\/\/henrykskarzynski.pl\/index.php?rest_route=\/wp\/v2\/pages\/2156","targetHints":{"allow":["GET"]}}],"collection":[{"href":"https:\/\/henrykskarzynski.pl\/index.php?rest_route=\/wp\/v2\/pages"}],"about":[{"href":"https:\/\/henrykskarzynski.pl\/index.php?rest_route=\/wp\/v2\/types\/page"}],"author":[{"embeddable":true,"href":"https:\/\/henrykskarzynski.pl\/index.php?rest_route=\/wp\/v2\/users\/3"}],"replies":[{"embeddable":true,"href":"https:\/\/henrykskarzynski.pl\/index.php?rest_route=%2Fwp%2Fv2%2Fcomments&post=2156"}],"version-history":[{"count":3,"href":"https:\/\/henrykskarzynski.pl\/index.php?rest_route=\/wp\/v2\/pages\/2156\/revisions"}],"predecessor-version":[{"id":23207,"href":"https:\/\/henrykskarzynski.pl\/index.php?rest_route=\/wp\/v2\/pages\/2156\/revisions\/23207"}],"wp:attachment":[{"href":"https:\/\/henrykskarzynski.pl\/index.php?rest_route=%2Fwp%2Fv2%2Fmedia&parent=2156"}],"curies":[{"name":"wp","href":"https:\/\/api.w.org\/{rel}","templated":true}]}}