{"id":19440,"date":"2019-01-24T12:01:24","date_gmt":"2019-01-24T12:01:24","guid":{"rendered":"https:\/\/henrykskarzynski.pl\/?page_id=19440"},"modified":"2019-01-30T14:07:36","modified_gmt":"2019-01-30T14:07:36","slug":"delegazioni-statali-comunali-e-di-chiesa","status":"publish","type":"page","link":"https:\/\/henrykskarzynski.pl\/?page_id=19440&lang=it","title":{"rendered":"DELEGAZIONI STATALI, COMUNALI E DI CHIESA"},"content":{"rendered":"<h3>1993<\/h3>\n<ul>\n<li>Dott.ssa Hanna Suchocka, Primo Ministro della Repubblica di Polonia<\/li>\n<li>Gra\u017cyna Andrzejewska-Sroczy\u0144ska, Plenipotenziario del Governo per le Persone Disabili<\/li>\n<li>Monsignor Vescovo Alojzy Orszulik<\/li>\n<li>Jerzy Ko\u017ami\u0144ski, Segretario di Stato presso il Ministero degli Affari Esteri<\/li>\n<li>Bohdan Jastrz\u0119bski, Voivoda di Varsavia<\/li>\n<li>Prof. Jacek \u017bochowski, Ministro della Salute e dell\u2019Assistenza Sociale<\/li>\n<li>Zbigniew Mi\u0142ek, Presidente del Consiglio di Amministrazione del Fondo Statale per la Riabilitazione dei Disabili<\/li>\n<\/ul>\n<h3>1994<\/h3>\n<ul>\n<li>Waldemar Pawlak, Primo Ministro della Repubblica di Polonia<\/li>\n<li>Wies\u0142aw Kaczmarek, Ministro delle Privatizzazioni<\/li>\n<\/ul>\n<h3>1995<\/h3>\n<ul>\n<li>Prof. Krzysztof Szama\u0142ek, Segretario di Stato presso il Ministero dell&#8217;Ambiente<\/li>\n<li>Leszek Juchniewicz, Sottosegretario di Stato presso il Ministero delle Privatizzazioni<\/li>\n<li>Andrzej Mecanowicz, Direttore dell&#8217;Ufficio del Primo Ministro della Repubblica di Polonia<\/li>\n<li>Karol \u015awi\u0105tkowski, Presidente del Consiglio d\u2019Amministrazione del Fondo Statale per la Riabilitazione dei Disabili<\/li>\n<\/ul>\n<h3>1996<\/h3>\n<ul>\n<li>Prof. Bronis\u0142aw Geremek, Ministro degli Affari Esteri<\/li>\n<\/ul>\n<h3>1997<\/h3>\n<ul>\n<li>Leszek Juchniewicz, Presidente dell&#8217;Ufficio per la Regolamentazione dell&#8217;Energia,<\/li>\n<li>Roman Sroczy\u0144ski, Presidente del Consiglio d\u2019Amministrazione del Fondo Statale per la Riabilitazione dei Disabili<\/li>\n<li>Lech Nikolski, Sottosegretario di Stato presso la Cancelleria del Primo Ministro della Repubblica di Polonia<\/li>\n<\/ul>\n<h3>1998<\/h3>\n<ul>\n<li>Jan Krzysztof Fr\u0105ckowiak, Segretario del Comitato di Ricerca Scientifica<\/li>\n<li>Prof. Bronis\u0142aw Geremek, Ministro degli Affari Esteri<\/li>\n<li>Prof. Wojciech Maksymowicz, Ministro della Salute<\/li>\n<li>W\u0142odzimierz Dobrowolski, Presidente del Consiglio d\u2019Amministrazione del Fondo Statale per la Riabilitazione dei Disabili<\/li>\n<\/ul>\n<h3>1999<\/h3>\n<ul>\n<li>Franciszka Cegielska, Ministro della Salute<\/li>\n<\/ul>\n<h3>2000<\/h3>\n<ul>\n<li>Prof. Jerzy Buzek, Primo Ministro della Repubblica di Polonia<\/li>\n<\/ul>\n<h3>2001<\/h3>\n<ul>\n<li>Marek Borowski, Vice presidente della Dieta<\/li>\n<li>Grzegorz Opala, Ministro della Salute<\/li>\n<\/ul>\n<h3>2002<\/h3>\n<ul>\n<li>Marek Pol, Vice Primo Ministro e Ministro dell\u2019Infrastruttura<\/li>\n<\/ul>\n<h3>2003<\/h3>\n<ul>\n<li>Monsignor Vescovo Alojzy Orszulik<\/li>\n<li>Prof. Wies\u0142aw Chrzanowski, Presidente della Dieta<\/li>\n<li>Prof. Andrzej Stelmachowski, Presidente del Senato<\/li>\n<li>Roman Sroczy\u0144ski, Presidente del Consiglio d\u2019Amministrazione del Fondo Statale per la Riabilitazione dei Disabili<\/li>\n<li>Prof. Wojciech Maksymowicz, Ministro della Salute<\/li>\n<li>Leszek Mizieli\u0144ski, Voivoda di Masovia<\/li>\n<li>Prof. Micha\u0142 Kleiber, Ministro della Scienza<\/li>\n<li>Prof. Krzysztof Szama\u0142ek, Segretario di Stato presso il Ministero della Protezione Ambientale<\/li>\n<li>Dr. J\u00f3zef Oleksy, Primo Ministro della Repubblica di Polonia<\/li>\n<li>Prof. Longin Pastusiak, Presidente del Senato<\/li>\n<\/ul>\n<h3>2004<\/h3>\n<ul>\n<li>Prof. Barbara B\u0142o\u0144ska-Fajfrowska, Presidente della Commissione Parlamentare per la Salute<\/li>\n<li>Leszek Sikorski, Ministro della Salute<\/li>\n<\/ul>\n<h3>2005<\/h3>\n<ul>\n<li>Aleksander Kwa\u015bniewski, Presidente della Repubblica di Polonia<\/li>\n<li>W\u0142odzimierz Cimoszewicz, Primo Ministro della Repubblica di Polonia<\/li>\n<li>S\u0142awomir Piechota, Deputato<\/li>\n<li>Prof. Barbara B\u0142o\u0144ska-Fajfrowska, Presidente della Commissione Parlamentare per la Salute<\/li>\n<li>Jerzy Miller, Presidente del Fondo Sanitario Nazionale<\/li>\n<\/ul>\n<h3>2006<\/h3>\n<ul>\n<li>Bogdan Borusewicz, Presidente del Senato<\/li>\n<li>Jan Krzysztof Bielecki, Primo Ministro della Repubblica di Polonia<\/li>\n<li>Prof. Wies\u0142aw Chrzanowski, Presidente della Dieta<\/li>\n<li>Monsignor Vescovo Alojzy Orszulik<\/li>\n<li>Prof. Zbigniew Religa, Ministro della Salute<\/li>\n<li>Dr. Jaroslaw Pinkas, Sottosegretario di Stato presso il Ministero della Salute<\/li>\n<li>Dr. J\u00f3zef Oleksy, Primo Ministro della Repubblica di Polonia<\/li>\n<li>Dott.ssa Anna Gr\u0119ziak, Sottosegretario di Stato presso il Ministero della Salute<\/li>\n<\/ul>\n<h3>2007<\/h3>\n<ul>\n<li>Prof. Bronis\u0142aw Geremek, Eurodeputato<\/li>\n<li>Prof. Jerzy Buzek, Eurodeputato<\/li>\n<li>Ryszard Czarnecki, Eurodeputato<\/li>\n<li>Andrzej So\u015bnierz, Presidente del Fondo Sanitario Nazionale<\/li>\n<\/ul>\n<h3>2009<\/h3>\n<ul>\n<li>Waldemar Pawlak, Vice Primo Ministro<\/li>\n<li>Dr. Adam Fronczak, Sottosegretario di Stato presso il Ministero della Salute<\/li>\n<li>Prof. Krzysztof Jan Kurzyd\u0142owski, Sottosegretario di Stato presso il Ministero della Scienza<\/li>\n<li>Dott.ssa Anna Gr\u0119ziak, Consigliere del Presidente della Repubblica di Polonia<\/li>\n<li>Ewa Ju\u0144czyk-Ziomecka, Segretario di Stato presso la Cancelleria del Presidente della Repubblica di Polonia<\/li>\n<li>Dr. Tomasz Zdrojewski, Consigliere del Presidente della Repubblica di Polonia<\/li>\n<\/ul>\n<h3>2010<\/h3>\n<ul>\n<li>El\u017cbieta Smoli\u0144ska, Capo del Distretto di Pruszk\u00f3w<\/li>\n<li>Dr. Adam Fronczak, Sottosegretario di Stato presso il Ministero della Salute<\/li>\n<li>Dr. Jacek Paszkiewicz, Presidente del Fondo Sanitario Nazionale<\/li>\n<li>Prof. Wojciech Noszczyk, Vice presidente della Commissione Centrale per Lauree e Titoli<\/li>\n<li>Dr. Andrzej W\u0142odarczyk, Sottosegretario di Stato presso il Ministero della Salute<\/li>\n<li>Janusz Grzyb, Sindaco del Comune di Nadarzyn<\/li>\n<li>Rados\u0142aw Sikorski, Ministro degli Affari Esteri<\/li>\n<li>Prof. G\u00fcnter Verheugen, Commissario dell\u2019Unione Europea per le Imprese e l&#8217;Industria<\/li>\n<\/ul>\n<h3>2011<\/h3>\n<ul>\n<li>Primate J\u00f3zef Glemp<\/li>\n<li>Ewa Kopacz, Ministro della Salute<\/li>\n<li>Prof. Linda Luxon<\/li>\n<li>Dott.ssa Beata Ma\u0142ecka-Libera, Vicepresidente della Commissione Parlamentare per la Salute<\/li>\n<li>Dr. Adam Fronczak, Vice Ministro della salute<\/li>\n<\/ul>\n<h3>2012<\/h3>\n<ul>\n<li>Donald Tusk, Primo Ministro della Repubblica di Polonia<\/li>\n<li>Ewa Kopacz, Presidente della Dieta<\/li>\n<li>El\u017cbieta Bie\u0144kowska, Ministro dello Sviluppo Regionale<\/li>\n<li>Aleksander Sopli\u0144ski, Vice Ministro della Salute<\/li>\n<li>Cardinale Kazimierz Nycz<\/li>\n<li>Dr. Adam Fronczak, ex Vice Ministro della Sanit\u00e0<\/li>\n<li>Prof. Longin Pastusiak, ex Presidente del Senato,<\/li>\n<li>Dr. J\u00f3zef Oleksy, ex Primo Ministro della Repubblica di Polonia<\/li>\n<li>Prof. Krzysztof Kurzyd\u0142owski, Direttore del Centro Nazionale per la Ricerca e lo Sviluppo<\/li>\n<li>Bogdan Borusewicz, Presidente del Senato<\/li>\n<li>Bronis\u0142aw Komorowski, Presidente della Repubblica di Polonia<\/li>\n<\/ul>\n<h3>2013<\/h3>\n<ul>\n<li>Marek Michalak, Cancelliere del Capitolo Internazionale dell&#8217;Ordine del Sorriso e Autorit\u00e0 Garante per l\u2019infanzia e l\u2019adolescenza<\/li>\n<li>Cardinale Kazimierz Nycz<\/li>\n<li>Dott.ssa Hanna Suchocka, Primo Ministro della Repubblica di Polonia<\/li>\n<li>Janusz Piechoci\u0144ski, Vice Primo Ministro, Ministro dell&#8217;Economia<\/li>\n<li>Prof. Jerzy Buzek, Deputato al Parlamento Europeo<\/li>\n<li>Prof. Micha\u0142 Kleiber, Presidente dell&#8217;Accademia Polacca delle Scienze<\/li>\n<li>Prof. Marek Belka<\/li>\n<li>Jerzy Ko\u017ami\u0144ski, Presidente della Fondazione Polacco-Americana per la Libert\u00e0<\/li>\n<li>Dr. J\u00f3zef Oleksy, Vicepresidente dell\u2019Alleanza della Sinistra Democratica<\/li>\n<li>Dr. Leszek Sikorski<\/li>\n<li>Prof. Grzegorz Opala<\/li>\n<li>Monsignor Vescovo Tadeusz Pikus<\/li>\n<li>Prof. Marek Krawczyk, Rettore dell&#8217;Universit\u00e0 Medica di Varsavia<\/li>\n<li>Dott.ssa Beata Ma\u0142ecka-Libera, Vicepresidente della Commissione Parlamentare per la Salute<\/li>\n<li>Prof. Leszek Rafalski, Presidente del Consiglio Principale degli Istituti di Ricerca<\/li>\n<\/ul>\n<h3>2016<\/h3>\n<ul>\n<li>Dott. in medicina Jaros\u0142aw Pinkas, Segretario di Stato presso il Ministero della Salute<\/li>\n<li>Presidente KRUS &#8211; Jacek Dubi\u0144ski, Vice Presidente del Fondo &#8211; Janina Pszcz\u00f3\u0142kowska ed ex Presidente KRUS &#8211; Marek Ho\u0142ubicki<\/li>\n<\/ul>\n<h3>2018<\/h3>\n<ul>\n<li>Ministro degli Investimenti e dello Sviluppo Jerzy Kwieci\u0144ski<\/li>\n<\/ul>\n","protected":false},"excerpt":{"rendered":"<p>1993 Dott.ssa Hanna Suchocka, Primo Ministro della Repubblica di Polonia Gra\u017cyna Andrzejewska-Sroczy\u0144ska, Plenipotenziario del Governo per le Persone Disabili Monsignor Vescovo Alojzy Orszulik Jerzy Ko\u017ami\u0144ski, Segretario di Stato presso il Ministero degli Affari Esteri Bohdan Jastrz\u0119bski, Voivoda di Varsavia Prof. ..<\/p>\n<div class=\"reading\"><a href=\"https:\/\/henrykskarzynski.pl\/?page_id=19440&#038;lang=it\">&gt;&gt;&gt;<\/a><\/div>\n","protected":false},"author":9,"featured_media":0,"parent":0,"menu_order":0,"comment_status":"closed","ping_status":"closed","template":"","meta":{"footnotes":""},"class_list":["post-19440","page","type-page","status-publish","hentry"],"_links":{"self":[{"href":"https:\/\/henrykskarzynski.pl\/index.php?rest_route=\/wp\/v2\/pages\/19440","targetHints":{"allow":["GET"]}}],"collection":[{"href":"https:\/\/henrykskarzynski.pl\/index.php?rest_route=\/wp\/v2\/pages"}],"about":[{"href":"https:\/\/henrykskarzynski.pl\/index.php?rest_route=\/wp\/v2\/types\/page"}],"author":[{"embeddable":true,"href":"https:\/\/henrykskarzynski.pl\/index.php?rest_route=\/wp\/v2\/users\/9"}],"replies":[{"embeddable":true,"href":"https:\/\/henrykskarzynski.pl\/index.php?rest_route=%2Fwp%2Fv2%2Fcomments&post=19440"}],"version-history":[{"count":0,"href":"https:\/\/henrykskarzynski.pl\/index.php?rest_route=\/wp\/v2\/pages\/19440\/revisions"}],"wp:attachment":[{"href":"https:\/\/henrykskarzynski.pl\/index.php?rest_route=%2Fwp%2Fv2%2Fmedia&parent=19440"}],"curies":[{"name":"wp","href":"https:\/\/api.w.org\/{rel}","templated":true}]}}