{"id":19410,"date":"2019-01-24T11:43:38","date_gmt":"2019-01-24T11:43:38","guid":{"rendered":"https:\/\/henrykskarzynski.pl\/?page_id=19410"},"modified":"2023-03-20T11:11:55","modified_gmt":"2023-03-20T11:11:55","slug":"capo-di-specializzazione-relatore","status":"publish","type":"page","link":"https:\/\/henrykskarzynski.pl\/?page_id=19410&lang=it","title":{"rendered":"DIRETTORE DELLE SPECIALIZZAZIONI, PROMOTORE"},"content":{"rendered":"<p><strong>Supervisore di dottorato, di post-dottorato, corsi di titolo di professore, responsabile della specializzazione.<\/strong><\/p>\n<p>Le attivit\u00e0 scientifiche e cliniche del Prof. H. Skar\u017cy\u0144ski coprono 43 anni (1980-2023) ed \u00e8 estremamente ricca. Tra i molti successi ci sono numerosi avvenimenti rivoluzionari che costituiscono pietre miliari nella medicina polacca e mondiale. I risultati importanti in questo settore \u00e8 il continuo sviluppo del personale scientifico e clinico che include:<\/p>\n<ul>\n<li>la funzione del supervisore di 31 dottorati in scienze mediche e in scienze della salute<\/li>\n<li>la funzione del tutore di 12 corsi di post-dottorato<\/li>\n<li>la partecipazione ai risultati scientifici di 7 collaboratori che hanno ricevuto il titolo accademico di professore<\/li>\n<li>il tutore di oltre 100 specializzazioni di otolaringologia di 1\u00b0 e di 2\u00b0 grado, di otorinolaringologia, di audiologia e foniatria e di otolaringologia pediatrica.<\/li>\n<\/ul>\n","protected":false},"excerpt":{"rendered":"<p>Supervisore di dottorato, di post-dottorato, corsi di titolo di professore, responsabile della specializzazione. Le attivit\u00e0 scientifiche e cliniche del Prof. H. Skar\u017cy\u0144ski coprono 43 anni (1980-2023) ed \u00e8 estremamente ricca. Tra i molti successi ci sono numerosi avvenimenti rivoluzionari che ..<\/p>\n<div class=\"reading\"><a href=\"https:\/\/henrykskarzynski.pl\/?page_id=19410&#038;lang=it\">&gt;&gt;&gt;<\/a><\/div>\n","protected":false},"author":9,"featured_media":0,"parent":0,"menu_order":0,"comment_status":"closed","ping_status":"closed","template":"","meta":{"footnotes":""},"class_list":["post-19410","page","type-page","status-publish","hentry"],"_links":{"self":[{"href":"https:\/\/henrykskarzynski.pl\/index.php?rest_route=\/wp\/v2\/pages\/19410","targetHints":{"allow":["GET"]}}],"collection":[{"href":"https:\/\/henrykskarzynski.pl\/index.php?rest_route=\/wp\/v2\/pages"}],"about":[{"href":"https:\/\/henrykskarzynski.pl\/index.php?rest_route=\/wp\/v2\/types\/page"}],"author":[{"embeddable":true,"href":"https:\/\/henrykskarzynski.pl\/index.php?rest_route=\/wp\/v2\/users\/9"}],"replies":[{"embeddable":true,"href":"https:\/\/henrykskarzynski.pl\/index.php?rest_route=%2Fwp%2Fv2%2Fcomments&post=19410"}],"version-history":[{"count":3,"href":"https:\/\/henrykskarzynski.pl\/index.php?rest_route=\/wp\/v2\/pages\/19410\/revisions"}],"predecessor-version":[{"id":23451,"href":"https:\/\/henrykskarzynski.pl\/index.php?rest_route=\/wp\/v2\/pages\/19410\/revisions\/23451"}],"wp:attachment":[{"href":"https:\/\/henrykskarzynski.pl\/index.php?rest_route=%2Fwp%2Fv2%2Fmedia&parent=19410"}],"curies":[{"name":"wp","href":"https:\/\/api.w.org\/{rel}","templated":true}]}}