{"id":18920,"date":"2014-08-06T14:15:40","date_gmt":"2013-09-16T19:54:49","guid":{"rendered":"https:\/\/henrykskarzynski.pl\/?page_id=18920"},"modified":"2018-10-30T10:21:19","modified_gmt":"2018-10-30T10:21:19","slug":"artistes-pour-les-enfants-sourds-en-pologne-et-en-europe","status":"publish","type":"page","link":"https:\/\/henrykskarzynski.pl\/?page_id=18920&lang=fr","title":{"rendered":"Artistes pour les enfants sourds en Pologne et en Europe"},"content":{"rendered":"<table style=\"height: 203px;\" border=\"0\" width=\"326\" cellspacing=\"1\" cellpadding=\"1\">\n<tbody>\n<tr>\n<td>1997 r.<\/td>\n<td>Jean Michel Jarre<\/td>\n<\/tr>\n<tr>\n<td>1997 r.<\/td>\n<td>Tytus Wojnowicz<\/td>\n<\/tr>\n<tr>\n<td>1998 r.<\/td>\n<td>Danuta B\u0142a\u017cejczyk<\/td>\n<\/tr>\n<tr>\n<td>1998 r.<\/td>\n<td>Ryszard Rynkowski<\/td>\n<\/tr>\n<tr>\n<td>1998 r.<\/td>\n<td>Julita i Paula Soko\u0142owskie<\/td>\n<\/tr>\n<tr>\n<td>1998 r.<\/td>\n<td>Gra\u017cyna Augu\u015bcik<\/td>\n<\/tr>\n<tr>\n<td>1998 r.<\/td>\n<td>Andrzej &#8222;Piasek&#8221; Piaseczny<\/td>\n<\/tr>\n<tr>\n<td>1998 r.<\/td>\n<td>Reni Jusis<\/td>\n<\/tr>\n<tr>\n<td>2003 r.<\/td>\n<td>Zesp\u00f3\u0142 Gaw\u0119da<\/td>\n<\/tr>\n<tr>\n<td>2004 r.<\/td>\n<td>Jacek W\u00f3jcicki<\/td>\n<\/tr>\n<tr>\n<td><\/td>\n<td><\/td>\n<\/tr>\n<\/tbody>\n<\/table>\n<p>&nbsp;<\/p>\n","protected":false},"excerpt":{"rendered":"<p>1997 r. Jean Michel Jarre 1997 r. Tytus Wojnowicz 1998 r. Danuta B\u0142a\u017cejczyk 1998 r. Ryszard Rynkowski 1998 r. Julita i Paula Soko\u0142owskie 1998 r. Gra\u017cyna Augu\u015bcik 1998 r. Andrzej &#8222;Piasek&#8221; Piaseczny 1998 r. Reni Jusis 2003 r. Zesp\u00f3\u0142 Gaw\u0119da ..<\/p>\n<div class=\"reading\"><a href=\"https:\/\/henrykskarzynski.pl\/?page_id=18920&#038;lang=fr\">&gt;&gt;&gt;<\/a><\/div>\n","protected":false},"author":9,"featured_media":0,"parent":0,"menu_order":2,"comment_status":"closed","ping_status":"closed","template":"","meta":{"footnotes":""},"class_list":["post-18920","page","type-page","status-publish","hentry"],"_links":{"self":[{"href":"https:\/\/henrykskarzynski.pl\/index.php?rest_route=\/wp\/v2\/pages\/18920","targetHints":{"allow":["GET"]}}],"collection":[{"href":"https:\/\/henrykskarzynski.pl\/index.php?rest_route=\/wp\/v2\/pages"}],"about":[{"href":"https:\/\/henrykskarzynski.pl\/index.php?rest_route=\/wp\/v2\/types\/page"}],"author":[{"embeddable":true,"href":"https:\/\/henrykskarzynski.pl\/index.php?rest_route=\/wp\/v2\/users\/9"}],"replies":[{"embeddable":true,"href":"https:\/\/henrykskarzynski.pl\/index.php?rest_route=%2Fwp%2Fv2%2Fcomments&post=18920"}],"version-history":[{"count":0,"href":"https:\/\/henrykskarzynski.pl\/index.php?rest_route=\/wp\/v2\/pages\/18920\/revisions"}],"wp:attachment":[{"href":"https:\/\/henrykskarzynski.pl\/index.php?rest_route=%2Fwp%2Fv2%2Fmedia&parent=18920"}],"curies":[{"name":"wp","href":"https:\/\/api.w.org\/{rel}","templated":true}]}}