{"id":1305,"date":"2015-10-26T15:42:33","date_gmt":"2015-10-11T13:28:02","guid":{"rendered":"http:\/\/178.216.200.219\/?p=1305"},"modified":"2024-08-28T11:51:00","modified_gmt":"2024-08-28T11:51:00","slug":"activit-s","status":"publish","type":"page","link":"https:\/\/henrykskarzynski.pl\/?page_id=1305&lang=fr","title":{"rendered":"Activit\u00e9 \u00e9ducative et formation"},"content":{"rendered":"<table>\n<tbody>\n<tr>\n<td style=\"width: 130px;\" width=\"125\">2013<\/td>\n<td style=\"width: 336px;\">Premi\u00e8re place au classement de l&#8217;activit\u00e9 lors du 11e Congr\u00e8s d&#8217;Europe Continentale des Implants Auditifs et des Nouvelles Technologies (ESPCI)<\/td>\n<\/tr>\n<tr>\n<td style=\"width: 130px;\">2013<\/td>\n<td style=\"width: 336px;\">Premi\u00e8re place au classement de l&#8217;activit\u00e9 lors du 20e Congr\u00e8s Mondial des Soci\u00e9t\u00e9s d&#8217;Oto-Rhino-Laryngologie (IFOS)<\/td>\n<\/tr>\n<tr>\n<td style=\"width: 130px;\">depuis 2011<\/td>\n<td style=\"width: 336px;\">Pr\u00e9sident de la Commission nationale des Examens en Otorhinolaryngochirurgie<\/td>\n<\/tr>\n<tr>\n<td style=\"width: 130px;\">depuis 2010<\/td>\n<td style=\"width: 336px;\">Pr\u00e9sident de la Commission Nationale des Examens en Surdologop\u00e9die<\/td>\n<\/tr>\n<tr>\n<td style=\"width: 130px;\">depuis 2009<\/td>\n<td style=\"width: 336px;\">Pr\u00e9sident de la Commission Nationale des Examens en Neurologop\u00e9die<\/td>\n<\/tr>\n<tr>\n<td style=\"width: 130px;\">2008 &#8211; 2011<\/td>\n<td style=\"width: 336px;\">Pr\u00e9sident de la Commission nationale des Examens en Audiologie et en Phoniatrie<\/td>\n<\/tr>\n<tr>\n<td style=\"width: 130px;\">depuis 2008<\/td>\n<td style=\"width: 336px;\">Organisateur des op\u00e9ration otochirurgiques de d\u00e9monstration dans le cadre du r\u00e9seau mondial LION<\/td>\n<\/tr>\n<tr>\n<td style=\"width: 130px;\">depuis 2008<\/td>\n<td style=\"width: 336px;\">Organisateur des cours pour les \u00e9tudiants de la Clinique d&#8217;Otolaryngologie et de R\u00e9habilitation du Service de Physioth\u00e9rapie de la IIe Facult\u00e9 de M\u00e9decine de l&#8217;Universit\u00e9 M\u00e9dicale de Varsovie<\/td>\n<\/tr>\n<tr>\n<td style=\"width: 130px;\">depuis 2008<\/td>\n<td style=\"width: 336px;\">Pr\u00e9sident et co-organisateur des s\u00e9ries annuelles de cours et de conf\u00e9rences internationaux de chirurgie endoscopique des sinus (International Endoscopic Sinus Surgery Course)<\/td>\n<\/tr>\n<tr>\n<td style=\"width: 130px;\">depuis 2007<\/td>\n<td style=\"width: 336px;\">Enseignant et organisateur des cours d&#8217;audiologie pour les \u00e9tudiants de la fili\u00e8re Logop\u00e9die est Audiologie de l&#8217;Universit\u00e9 Maria Sk\u0142odowska-Curie de Lublin<\/td>\n<\/tr>\n<tr>\n<td style=\"width: 130px;\">depuis 2007<\/td>\n<td style=\"width: 336px;\">Organisateur de l&#8217;\u00c9cole Pr\u00e9paratoire (post secondaire) d&#8217;Audiologie aupr\u00e8s de l&#8217;Institut de Physiologie et Pathologie de l&#8217;Audition formant des proth\u00e9sistes de l&#8217;audition<\/td>\n<\/tr>\n<tr>\n<td style=\"width: 130px;\">depuis 2006<\/td>\n<td style=\"width: 336px;\">Enseignant et co-organisateur des s\u00e9ries d&#8217;ateliers de formation internationaux Window Approach Workshop<\/td>\n<\/tr>\n<tr>\n<td style=\"width: 130px;\">depuis 2006<\/td>\n<td style=\"width: 336px;\">Enseignant et co-organisateur des cours pour proth\u00e9sistes de l&#8217;audition<\/td>\n<\/tr>\n<tr>\n<td style=\"width: 130px;\">depuis 2004<\/td>\n<td style=\"width: 336px;\">Organisateur de l&#8217;Acad\u00e9mie d&#8217;Otochirurgie, enseignant des cours de microchirurgie de l&#8217;oreille<\/td>\n<\/tr>\n<tr>\n<td style=\"width: 130px;\">depuis 2004<\/td>\n<td style=\"width: 336px;\">Co\u2013organisateur du Portail \u00c9ducatif dans le domaine de la formation post secondaire<\/td>\n<\/tr>\n<tr>\n<td style=\"width: 130px;\">depuis 2003<\/td>\n<td style=\"width: 336px;\">Enseignant et organisateur des cours de perfectionnement pour m\u00e9decins audiologues et otochirurgiens en coop\u00e9ration avec :<br \/>\nHearing and Speech Sciences Laboratory, Brigham Young University, Provo (USA)<br \/>\nDepartment of Communicative Disorders, East Tennessee State University (USA)<\/td>\n<\/tr>\n<tr>\n<td style=\"width: 130px;\">depuis 2003<\/td>\n<td style=\"width: 336px;\">Enseignant et co-organisateur du S\u00e9minaire d&#8217;Etudes Objectives de l&#8217;Audition \u2013 SOBS<\/td>\n<\/tr>\n<tr>\n<td style=\"width: 130px;\">depuis 2002<\/td>\n<td style=\"width: 336px;\">Initiateur des cours de perfectionnement pour les m\u00e9decins otorhinolaryngologues<\/td>\n<\/tr>\n<tr>\n<td style=\"width: 130px;\">2002 &#8211; 2008<\/td>\n<td style=\"width: 336px;\">Membre de la Commission Nationale des Examens en Audiologie et en Phoniatrie<\/td>\n<\/tr>\n<tr>\n<td style=\"width: 130px;\">depuis 2000<\/td>\n<td style=\"width: 336px;\">organisateur de la formation pr\u00e9paratoire au dipl\u00f4me pour les \u00e9tudiants de l&#8217;Acad\u00e9mie de P\u00e9dagogie Sp\u00e9ciale, l&#8217;Universit\u00e9 Maria Sk\u0142odowska-Curie de Lublin, l&#8217;Acad\u00e9mie de M\u00e9decine \u00e0 Varsovie et l&#8217;Universit\u00e9 M\u00e9dicale de Varsovie<\/td>\n<\/tr>\n<tr>\n<td style=\"width: 130px;\">depuis 1998<\/td>\n<td style=\"width: 336px;\">organisateurs de la formation post dipl\u00f4mante dans le domaine de la surdologop\u00e9die \u2013 S\u00e9minaire poste dipl\u00f4mant de surdologop\u00e9die, en coop\u00e9ration avec l&#8217;Universit\u00e9 Maria Sk\u0142odowska-Curie de Lublin<\/td>\n<\/tr>\n<tr>\n<td style=\"width: 130px;\">1998 &#8211; 2001<\/td>\n<td style=\"width: 336px;\">Pr\u00e9sident de la Commission nationale des Examens en Audiologie et en Phoniatrie<\/td>\n<\/tr>\n<tr>\n<td style=\"width: 130px;\">1994- 1998<\/td>\n<td style=\"width: 336px;\">Pr\u00e9sident de la Commission nationale des Examens et de sp\u00e9cialisation en Audiologie et membre de la Commission d&#8217;Examens en Phoniatrie<\/td>\n<\/tr>\n<tr>\n<td style=\"width: 130px;\">depuis 1993<\/td>\n<td style=\"width: 336px;\"><b>Organisateur de Congr\u00e8s et Conf\u00e9rences <\/b><\/p>\n<ul>\n<li>1st World Tinnitus Congress<\/li>\n<li>12<sup>th<\/sup> International Tinnitus Seminar<\/li>\n<li>25 IERASG Biennal Symposium<\/li>\n<li>4<sup>th<\/sup> International Symposium on Otosclerosis and<\/li>\n<li>Deux congr\u00e8s scientifiques continentaux en Pologne :\n<ul>\n<li>IXe congr\u00e8s europ\u00e9en des implants cochl\u00e9aires chez l&#8217;enfant (ESPCI)<\/li>\n<li><a href=\"\/fr\/aktualnosci-fr\/10e-congr-s-de-la-f-d-ration-europ-enne-des-soci-t-s-audiologiques-efas-.html\">Xe congr\u00e8s des Soci\u00e9t\u00e9s Europ\u00e9ennes d&#8217;Audiologie <\/a>(EFAS)<\/li>\n<\/ul>\n<\/li>\n<li>31 conf\u00e9rence scientifique internationale en Pologne<\/li>\n<li>116 ateliers scientifiques de formation<\/li>\n<li>48 cours de microchirurgie de l&#8217;oreille<\/li>\n<li>10 symposiums internationaux bilat\u00e9raux :<br \/>\ngermano \u2013 polonais<br \/>\npolono \u2013 belge<br \/>\nfranco \u2013 polonais<br \/>\nanglo \u2013 polonais<br \/>\npolono \u2013 am\u00e9ricain<br \/>\npolono \u2013 russe<br \/>\npolono \u2013 ukrainien<br \/>\npolono \u2013 tadjike<br \/>\nde l&#8217;Acad\u00e9mie Internationale de Microchirurgie de l&#8217;Oreille<br \/>\nateliers de formation Window Approach Workshop (80 \u00e9ditions)<\/li>\n<li><span class=\"st\">Surgical Foundation Course (6 \u00e9ditions)<\/span><\/li>\n<li>Festival International de Musique des Enfants, Adolescents et Adultes avec des Troubles de l\u2019Audition \u00abDes Rythmes Cochleaires\u00bb <span class=\"st\"> (10 \u00e9ditions)<\/span><\/li>\n<li>conf\u00e9rence scientifique: \u00abDirectives en otorhinolaryngologie, audiologie et phoniatrie\u00bb <span class=\"st\">(4 \u00e9ditions)<\/span><\/li>\n<\/ul>\n<\/td>\n<\/tr>\n<tr>\n<td style=\"width: 130px;\">depuis 1983<\/td>\n<td style=\"width: 336px;\">Directeur de 53 sp\u00e9cialisations de niveau I et de niveau II en otolaryngologie ainsi qu&#8217;en audiologie et phoniatrie<\/td>\n<\/tr>\n<tr>\n<td style=\"width: 130px;\">depuis 1983<\/td>\n<td style=\"width: 336px;\">Organisateur de cours postgraduate en otolaryngologie, audiologie et phoniatrie<\/td>\n<\/tr>\n<tr>\n<td style=\"width: 130px;\">1980 &#8211; 2000<\/td>\n<td style=\"width: 336px;\">Organisateur de cours undergraduate pour \u00e9tudiants de l&#8217;Acad\u00e9mie M\u00e9dicale de Varsovie<\/td>\n<\/tr>\n<\/tbody>\n<\/table>\n<p>&nbsp;<\/p>\n","protected":false},"excerpt":{"rendered":"<p>2013 Premi\u00e8re place au classement de l&#8217;activit\u00e9 lors du 11e Congr\u00e8s d&#8217;Europe Continentale des Implants Auditifs et des Nouvelles Technologies (ESPCI) 2013 Premi\u00e8re place au classement de l&#8217;activit\u00e9 lors du 20e Congr\u00e8s Mondial des Soci\u00e9t\u00e9s d&#8217;Oto-Rhino-Laryngologie (IFOS) depuis 2011 Pr\u00e9sident ..<\/p>\n<div class=\"reading\"><a href=\"https:\/\/henrykskarzynski.pl\/?page_id=1305&#038;lang=fr\">&gt;&gt;&gt;<\/a><\/div>\n","protected":false},"author":3,"featured_media":0,"parent":15357,"menu_order":2,"comment_status":"closed","ping_status":"closed","template":"","meta":{"footnotes":""},"class_list":["post-1305","page","type-page","status-publish","hentry"],"_links":{"self":[{"href":"https:\/\/henrykskarzynski.pl\/index.php?rest_route=\/wp\/v2\/pages\/1305","targetHints":{"allow":["GET"]}}],"collection":[{"href":"https:\/\/henrykskarzynski.pl\/index.php?rest_route=\/wp\/v2\/pages"}],"about":[{"href":"https:\/\/henrykskarzynski.pl\/index.php?rest_route=\/wp\/v2\/types\/page"}],"author":[{"embeddable":true,"href":"https:\/\/henrykskarzynski.pl\/index.php?rest_route=\/wp\/v2\/users\/3"}],"replies":[{"embeddable":true,"href":"https:\/\/henrykskarzynski.pl\/index.php?rest_route=%2Fwp%2Fv2%2Fcomments&post=1305"}],"version-history":[{"count":2,"href":"https:\/\/henrykskarzynski.pl\/index.php?rest_route=\/wp\/v2\/pages\/1305\/revisions"}],"predecessor-version":[{"id":24220,"href":"https:\/\/henrykskarzynski.pl\/index.php?rest_route=\/wp\/v2\/pages\/1305\/revisions\/24220"}],"up":[{"embeddable":true,"href":"https:\/\/henrykskarzynski.pl\/index.php?rest_route=\/wp\/v2\/pages\/15357"}],"wp:attachment":[{"href":"https:\/\/henrykskarzynski.pl\/index.php?rest_route=%2Fwp%2Fv2%2Fmedia&parent=1305"}],"curies":[{"name":"wp","href":"https:\/\/api.w.org\/{rel}","templated":true}]}}